{"id":246,"date":"2020-08-10T17:09:42","date_gmt":"2020-08-10T15:09:42","guid":{"rendered":"https:\/\/www.eltxoquitodetejer.com\/?page_id=246"},"modified":"2020-11-09T11:18:37","modified_gmt":"2020-11-09T10:18:37","slug":"contacto","status":"publish","type":"page","link":"https:\/\/www.eltxoquitodetejer.com\/index.php\/contacto\/","title":{"rendered":"Contacto"},"content":{"rendered":"\t\t<div data-elementor-type=\"wp-page\" data-elementor-id=\"246\" class=\"elementor elementor-246\" data-elementor-settings=\"[]\">\n\t\t\t\t\t\t<div class=\"elementor-inner\">\n\t\t\t\t\t\t\t<div class=\"elementor-section-wrap\">\n\t\t\t\t\t\t\t<section class=\"elementor-section elementor-top-section elementor-element elementor-element-4f408e2 elementor-section-boxed elementor-section-height-default elementor-section-height-default\" data-id=\"4f408e2\" data-element_type=\"section\">\n\t\t\t\t\t\t<div class=\"elementor-container elementor-column-gap-default\">\n\t\t\t\t\t\t\t<div class=\"elementor-row\">\n\t\t\t\t\t<div class=\"elementor-column elementor-col-100 elementor-top-column elementor-element elementor-element-701e6b5\" data-id=\"701e6b5\" data-element_type=\"column\">\n\t\t\t<div class=\"elementor-column-wrap elementor-element-populated\">\n\t\t\t\t\t\t\t<div class=\"elementor-widget-wrap\">\n\t\t\t\t\t\t<div class=\"elementor-element elementor-element-3e86de0 elementor-widget elementor-widget-heading\" data-id=\"3e86de0\" data-element_type=\"widget\" data-widget_type=\"heading.default\">\n\t\t\t\t<div class=\"elementor-widget-container\">\n\t\t\t<h2 class=\"elementor-heading-title elementor-size-default\">Contacto<\/h2>\t\t<\/div>\n\t\t\t\t<\/div>\n\t\t\t\t<div class=\"elementor-element elementor-element-27940910 elementor-widget elementor-widget-heading\" data-id=\"27940910\" data-element_type=\"widget\" data-widget_type=\"heading.default\">\n\t\t\t\t<div class=\"elementor-widget-container\">\n\t\t\t<h3 class=\"elementor-heading-title elementor-size-default\">Estamos encantadas de contar con vosotr@s<\/h3>\t\t<\/div>\n\t\t\t\t<\/div>\n\t\t\t\t\t\t<\/div>\n\t\t\t\t\t<\/div>\n\t\t<\/div>\n\t\t\t\t\t\t\t\t<\/div>\n\t\t\t\t\t<\/div>\n\t\t<\/section>\n\t\t\t\t<section class=\"elementor-section elementor-top-section elementor-element elementor-element-7b8daf37 elementor-reverse-tablet elementor-reverse-mobile elementor-section-boxed elementor-section-height-default elementor-section-height-default\" data-id=\"7b8daf37\" data-element_type=\"section\" data-settings=\"{&quot;background_background&quot;:&quot;classic&quot;}\">\n\t\t\t\t\t\t\t<div class=\"elementor-background-overlay\"><\/div>\n\t\t\t\t\t\t\t<div class=\"elementor-container elementor-column-gap-default\">\n\t\t\t\t\t\t\t<div class=\"elementor-row\">\n\t\t\t\t\t<div class=\"elementor-column elementor-col-50 elementor-top-column elementor-element elementor-element-1d9fd906\" data-id=\"1d9fd906\" data-element_type=\"column\" data-settings=\"{&quot;background_background&quot;:&quot;classic&quot;,&quot;motion_fx_motion_fx_scrolling&quot;:&quot;yes&quot;,&quot;motion_fx_translateY_effect&quot;:&quot;yes&quot;,&quot;motion_fx_translateY_direction&quot;:&quot;negative&quot;,&quot;motion_fx_translateY_speed&quot;:{&quot;unit&quot;:&quot;px&quot;,&quot;size&quot;:&quot;1&quot;,&quot;sizes&quot;:[]},&quot;motion_fx_devices&quot;:[&quot;desktop&quot;,&quot;tablet&quot;],&quot;motion_fx_translateY_affectedRange&quot;:{&quot;unit&quot;:&quot;%&quot;,&quot;size&quot;:&quot;&quot;,&quot;sizes&quot;:{&quot;start&quot;:0,&quot;end&quot;:100}}}\">\n\t\t\t<div class=\"elementor-column-wrap elementor-element-populated\">\n\t\t\t\t\t\t\t<div class=\"elementor-widget-wrap\">\n\t\t\t\t\t\t<div class=\"elementor-element elementor-element-6413ea2a elementor-button-align-end elementor-widget elementor-widget-form\" data-id=\"6413ea2a\" data-element_type=\"widget\" data-settings=\"{&quot;step_next_label&quot;:&quot;Next&quot;,&quot;step_previous_label&quot;:&quot;Previous&quot;,&quot;button_width&quot;:&quot;100&quot;,&quot;step_type&quot;:&quot;number_text&quot;,&quot;step_icon_shape&quot;:&quot;circle&quot;}\" data-widget_type=\"form.default\">\n\t\t\t\t<div class=\"elementor-widget-container\">\n\t\t\t\t\t<form class=\"elementor-form\" method=\"post\" name=\"New Form\">\n\t\t\t<input type=\"hidden\" name=\"post_id\" value=\"246\"\/>\n\t\t\t<input type=\"hidden\" name=\"form_id\" value=\"6413ea2a\"\/>\n\t\t\t<input type=\"hidden\" name=\"referer_title\" value=\"El Txoquito de Tejer\" \/>\n\n\t\t\t\n\t\t\t<div class=\"elementor-form-fields-wrapper elementor-labels-\">\n\t\t\t\t\t\t\t\t<div class=\"elementor-field-type-text elementor-field-group elementor-column elementor-field-group-name elementor-col-100 elementor-field-required\">\n\t\t\t\t\t\t\t\t\t\t\t\t<label for=\"form-field-name\" class=\"elementor-field-label elementor-screen-only\">\n\t\t\t\t\t\t\t\tNombre\t\t\t\t\t\t\t<\/label>\n\t\t\t\t\t\t\t\t\t\t\t\t\t\t<input size=\"1\" type=\"text\" name=\"form_fields[name]\" id=\"form-field-name\" class=\"elementor-field elementor-size-md  elementor-field-textual\" placeholder=\"Nombre\" required=\"required\" aria-required=\"true\">\n\t\t\t\t\t\t\t\t\t\t\t<\/div>\n\t\t\t\t\t\t\t\t<div class=\"elementor-field-type-tel elementor-field-group elementor-column elementor-field-group-email elementor-col-100\">\n\t\t\t\t\t\t\t\t\t\t\t\t<label for=\"form-field-email\" class=\"elementor-field-label elementor-screen-only\">\n\t\t\t\t\t\t\t\tTel\u00e9fono\t\t\t\t\t\t\t<\/label>\n\t\t\t\t\t\t\t\t<input size=\"1\" type=\"tel\" name=\"form_fields[email]\" id=\"form-field-email\" class=\"elementor-field elementor-size-md  elementor-field-textual\" placeholder=\"Tel\u00e9fono:\" pattern=\"[0-9()#&amp;+*-=.]+\" title=\"S\u00f3lo n\u00fameros y caracteres de tel\u00e9fono son aceptados  (#,-,*,etc).\">\n\n\t\t\t\t\t\t<\/div>\n\t\t\t\t\t\t\t\t<div class=\"elementor-field-type-email elementor-field-group elementor-column elementor-field-group-field_1 elementor-col-100 elementor-field-required\">\n\t\t\t\t\t\t\t\t\t\t\t\t<label for=\"form-field-field_1\" class=\"elementor-field-label elementor-screen-only\">\n\t\t\t\t\t\t\t\tEmail\t\t\t\t\t\t\t<\/label>\n\t\t\t\t\t\t\t\t\t\t\t\t\t\t<input size=\"1\" type=\"email\" name=\"form_fields[field_1]\" id=\"form-field-field_1\" class=\"elementor-field elementor-size-md  elementor-field-textual\" placeholder=\"Email\" required=\"required\" aria-required=\"true\">\n\t\t\t\t\t\t\t\t\t\t\t<\/div>\n\t\t\t\t\t\t\t\t<div class=\"elementor-field-type-textarea elementor-field-group elementor-column elementor-field-group-message elementor-col-100\">\n\t\t\t\t\t\t\t\t\t\t\t\t<label for=\"form-field-message\" class=\"elementor-field-label elementor-screen-only\">\n\t\t\t\t\t\t\t\tMensaje\t\t\t\t\t\t\t<\/label>\n\t\t\t\t\t\t<textarea class=\"elementor-field-textual elementor-field  elementor-size-md\" name=\"form_fields[message]\" id=\"form-field-message\" rows=\"4\" placeholder=\"Mensaje: \"><\/textarea>\t\t\t\t<\/div>\n\t\t\t\t\t\t\t\t<div class=\"elementor-field-type-acceptance elementor-field-group elementor-column elementor-field-group-field_5a58eca elementor-col-100 elementor-field-required\">\n\t\t\t\t\t\t\t\t\t\t\t\t<label for=\"form-field-field_5a58eca\" class=\"elementor-field-label elementor-screen-only\">\n\t\t\t\t\t\t\t\tprivacidad\t\t\t\t\t\t\t<\/label>\n\t\t\t\t\t\t\t\t<div class=\"elementor-field-subgroup\">\n\t\t\t<span class=\"elementor-field-option\">\n\t\t\t\t<input type=\"checkbox\" name=\"form_fields[field_5a58eca]\" id=\"form-field-field_5a58eca\" class=\"elementor-field elementor-size-md  elementor-acceptance-field\" required=\"required\" aria-required=\"true\">\n\t\t\t\t<label for=\"form-field-field_5a58eca\">He le\u00eddo y acepto la <a href=\"https:\/\/eltxoquitodetejer.com\/index.php\/aviso-legal\">pol\u00edtica de privacidad<\/a><\/label>\t\t\t<\/span>\n\t\t<\/div>\n\t\t\t\t\t\t<\/div>\n\t\t\t\t\t\t\t\t<div class=\"elementor-field-type-recaptcha elementor-field-group elementor-column elementor-field-group-field_7b8bd8b elementor-col-100\">\n\t\t\t\t\t<div class=\"elementor-field\" id=\"form-field-field_7b8bd8b\"><div class=\"elementor-g-recaptcha\" data-sitekey=\"6LewtdcZAAAAAByPEO2W4Lbvx0RVIra_0HYkE5yK\" data-type=\"v2_checkbox\" data-theme=\"light\" data-size=\"normal\"><\/div><\/div>\t\t\t\t<\/div>\n\t\t\t\t\t\t\t\t<div class=\"elementor-field-group elementor-column elementor-field-type-submit elementor-col-100 e-form__buttons\">\n\t\t\t\t\t<button type=\"submit\" class=\"elementor-button elementor-size-md\">\n\t\t\t\t\t\t<span >\n\t\t\t\t\t\t\t\t\t\t\t\t\t\t\t<span class=\"elementor-align-icon-right elementor-button-icon\">\n\t\t\t\t\t\t\t\t\t<i aria-hidden=\"true\" class=\"fas fa-arrow-right\"><\/i>\t\t\t\t\t\t\t\t\t\t\t\t\t\t\t\t\t<\/span>\n\t\t\t\t\t\t\t\t\t\t\t\t\t\t\t\t\t\t\t\t\t\t<span class=\"elementor-button-text\">Enviar<\/span>\n\t\t\t\t\t\t\t\t\t\t\t\t\t<\/span>\n\t\t\t\t\t<\/button>\n\t\t\t\t<\/div>\n\t\t\t<\/div>\n\t\t<\/form>\n\t\t\t\t<\/div>\n\t\t\t\t<\/div>\n\t\t\t\t\t\t<\/div>\n\t\t\t\t\t<\/div>\n\t\t<\/div>\n\t\t\t\t<div class=\"elementor-column elementor-col-50 elementor-top-column elementor-element elementor-element-4c28c866\" data-id=\"4c28c866\" data-element_type=\"column\">\n\t\t\t<div class=\"elementor-column-wrap elementor-element-populated\">\n\t\t\t\t\t\t\t<div class=\"elementor-widget-wrap\">\n\t\t\t\t\t\t<div class=\"elementor-element elementor-element-dea1615 elementor-widget elementor-widget-heading\" data-id=\"dea1615\" data-element_type=\"widget\" data-widget_type=\"heading.default\">\n\t\t\t\t<div class=\"elementor-widget-container\">\n\t\t\t<h3 class=\"elementor-heading-title elementor-size-default\">Puedes rellenar el formulario con tu mensaje y nos pondremos en contacto contigo<\/h3>\t\t<\/div>\n\t\t\t\t<\/div>\n\t\t\t\t<div class=\"elementor-element elementor-element-d9349cf elementor-widget elementor-widget-heading\" data-id=\"d9349cf\" data-element_type=\"widget\" data-widget_type=\"heading.default\">\n\t\t\t\t<div class=\"elementor-widget-container\">\n\t\t\t<h2 class=\"elementor-heading-title elementor-size-default\">Nos encanta conocer y compartir experiencias, ideas, puntos, patrones<br>.....<\/h2>\t\t<\/div>\n\t\t\t\t<\/div>\n\t\t\t\t\t\t<\/div>\n\t\t\t\t\t<\/div>\n\t\t<\/div>\n\t\t\t\t\t\t\t\t<\/div>\n\t\t\t\t\t<\/div>\n\t\t<\/section>\n\t\t\t\t<section class=\"elementor-section elementor-top-section elementor-element elementor-element-65a30410 elementor-section-boxed elementor-section-height-default elementor-section-height-default\" data-id=\"65a30410\" data-element_type=\"section\" data-settings=\"{&quot;background_background&quot;:&quot;gradient&quot;,&quot;shape_divider_top&quot;:&quot;waves&quot;}\">\n\t\t\t\t\t\t\t<div class=\"elementor-background-overlay\"><\/div>\n\t\t\t\t\t\t<div class=\"elementor-shape elementor-shape-top\" data-negative=\"false\">\n\t\t\t<svg xmlns=\"http:\/\/www.w3.org\/2000\/svg\" viewBox=\"0 0 1000 100\" preserveAspectRatio=\"none\">\n\t<path class=\"elementor-shape-fill\" d=\"M421.9,6.5c22.6-2.5,51.5,0.4,75.5,5.3c23.6,4.9,70.9,23.5,100.5,35.7c75.8,32.2,133.7,44.5,192.6,49.7\n\tc23.6,2.1,48.7,3.5,103.4-2.5c54.7-6,106.2-25.6,106.2-25.6V0H0v30.3c0,0,72,32.6,158.4,30.5c39.2-0.7,92.8-6.7,134-22.4\n\tc21.2-8.1,52.2-18.2,79.7-24.2C399.3,7.9,411.6,7.5,421.9,6.5z\"\/>\n<\/svg>\t\t<\/div>\n\t\t\t\t\t<div class=\"elementor-container elementor-column-gap-default\">\n\t\t\t\t\t\t\t<div class=\"elementor-row\">\n\t\t\t\t\t<div class=\"elementor-column elementor-col-50 elementor-top-column elementor-element elementor-element-34ae1ab4\" data-id=\"34ae1ab4\" data-element_type=\"column\">\n\t\t\t<div class=\"elementor-column-wrap elementor-element-populated\">\n\t\t\t\t\t\t\t<div class=\"elementor-widget-wrap\">\n\t\t\t\t\t\t<div class=\"elementor-element elementor-element-2b8b7b2 elementor-widget elementor-widget-heading\" data-id=\"2b8b7b2\" data-element_type=\"widget\" data-widget_type=\"heading.default\">\n\t\t\t\t<div class=\"elementor-widget-container\">\n\t\t\t<h4 class=\"elementor-heading-title elementor-size-default\">Nuestros pr\u00f3ximos talleres<\/h4>\t\t<\/div>\n\t\t\t\t<\/div>\n\t\t\t\t<div class=\"elementor-element elementor-element-1849f0f9 elementor-widget elementor-widget-heading\" data-id=\"1849f0f9\" data-element_type=\"widget\" data-widget_type=\"heading.default\">\n\t\t\t\t<div class=\"elementor-widget-container\">\n\t\t\t<h2 class=\"elementor-heading-title elementor-size-default\">Podemos hacerlos junt@s<\/h2>\t\t<\/div>\n\t\t\t\t<\/div>\n\t\t\t\t<div class=\"elementor-element elementor-element-52a82bab elementor-mobile-align-center elementor-widget elementor-widget-button\" data-id=\"52a82bab\" data-element_type=\"widget\" data-widget_type=\"button.default\">\n\t\t\t\t<div class=\"elementor-widget-container\">\n\t\t\t\t\t<div class=\"elementor-button-wrapper\">\n\t\t\t<a href=\"https:\/\/www.eltxoquitodetejer.com\/index.php\/cajondesastre\/\" class=\"elementor-button-link elementor-button elementor-size-md\" role=\"button\">\n\t\t\t\t\t\t<span class=\"elementor-button-content-wrapper\">\n\t\t\t\t\t\t<span class=\"elementor-button-icon elementor-align-icon-right\">\n\t\t\t\t<i aria-hidden=\"true\" class=\"fas fa-arrow-right\"><\/i>\t\t\t<\/span>\n\t\t\t\t\t\t<span class=\"elementor-button-text\">Nuestros talleres<\/span>\n\t\t<\/span>\n\t\t\t\t\t<\/a>\n\t\t<\/div>\n\t\t\t\t<\/div>\n\t\t\t\t<\/div>\n\t\t\t\t\t\t<\/div>\n\t\t\t\t\t<\/div>\n\t\t<\/div>\n\t\t\t\t<div class=\"elementor-column elementor-col-50 elementor-top-column elementor-element elementor-element-1f9ba997\" data-id=\"1f9ba997\" data-element_type=\"column\">\n\t\t\t<div class=\"elementor-column-wrap elementor-element-populated\">\n\t\t\t\t\t\t\t<div class=\"elementor-widget-wrap\">\n\t\t\t\t\t\t<div class=\"elementor-element elementor-element-314aad64 elementor-widget elementor-widget-image\" data-id=\"314aad64\" data-element_type=\"widget\" data-settings=\"{&quot;motion_fx_motion_fx_scrolling&quot;:&quot;yes&quot;,&quot;motion_fx_translateY_effect&quot;:&quot;yes&quot;,&quot;motion_fx_translateY_direction&quot;:&quot;negative&quot;,&quot;motion_fx_translateY_speed&quot;:{&quot;unit&quot;:&quot;px&quot;,&quot;size&quot;:&quot;1&quot;,&quot;sizes&quot;:[]},&quot;motion_fx_devices&quot;:[&quot;desktop&quot;,&quot;tablet&quot;],&quot;motion_fx_translateY_affectedRange&quot;:{&quot;unit&quot;:&quot;%&quot;,&quot;size&quot;:&quot;&quot;,&quot;sizes&quot;:{&quot;start&quot;:&quot;0&quot;,&quot;end&quot;:&quot;50&quot;}}}\" data-widget_type=\"image.default\">\n\t\t\t\t<div class=\"elementor-widget-container\">\n\t\t\t\t\t\t\t\t<div class=\"elementor-image\">\n\t\t\t\t\t\t\t\t\t\t\t\t<img width=\"1519\" height=\"780\" src=\"https:\/\/www.eltxoquitodetejer.com\/wp-content\/uploads\/2020\/09\/tejedoras-en-talleres.jpg\" class=\"attachment-full size-full\" alt=\"\" loading=\"lazy\" srcset=\"https:\/\/www.eltxoquitodetejer.com\/wp-content\/uploads\/2020\/09\/tejedoras-en-talleres.jpg 1519w, https:\/\/www.eltxoquitodetejer.com\/wp-content\/uploads\/2020\/09\/tejedoras-en-talleres-300x154.jpg 300w, https:\/\/www.eltxoquitodetejer.com\/wp-content\/uploads\/2020\/09\/tejedoras-en-talleres-1024x526.jpg 1024w, https:\/\/www.eltxoquitodetejer.com\/wp-content\/uploads\/2020\/09\/tejedoras-en-talleres-768x394.jpg 768w\" sizes=\"(max-width: 1519px) 100vw, 1519px\" \/>\t\t\t\t\t\t\t\t\t\t\t\t\t\t<\/div>\n\t\t\t\t\t\t<\/div>\n\t\t\t\t<\/div>\n\t\t\t\t\t\t<\/div>\n\t\t\t\t\t<\/div>\n\t\t<\/div>\n\t\t\t\t\t\t\t\t<\/div>\n\t\t\t\t\t<\/div>\n\t\t<\/section>\n\t\t\t\t\t\t<\/div>\n\t\t\t\t\t\t<\/div>\n\t\t\t\t\t<\/div>\n\t\t","protected":false},"excerpt":{"rendered":"<p>Contacto Estamos encantadas de contar con vosotr@s Puedes rellenar el formulario con tu mensaje y nos pondremos en contacto contigo Nos encanta conocer y compartir experiencias, ideas, puntos, patrones&#8230;.. Nuestros pr\u00f3ximos talleres Podemos hacerlos junt@s Nuestros talleres<\/p>\n","protected":false},"author":1,"featured_media":0,"parent":0,"menu_order":0,"comment_status":"closed","ping_status":"closed","template":"","meta":[],"yoast_head":"<!-- This site is optimized with the Yoast SEO plugin v18.1 - https:\/\/yoast.com\/wordpress\/plugins\/seo\/ -->\n<title>Contacto - El Txoquito de Tejer<\/title>\n<meta name=\"description\" content=\"Compartimos la pasi\u00f3n por el ganchillo y creamos nuestras propias prendas inspir\u00e1ndonos y aprendiendo de otras artesanas\" \/>\n<meta name=\"robots\" content=\"index, follow, max-snippet:-1, max-image-preview:large, max-video-preview:-1\" \/>\n<link rel=\"canonical\" href=\"https:\/\/www.eltxoquitodetejer.com\/index.php\/contacto\/\" \/>\n<meta property=\"og:locale\" content=\"es_ES\" \/>\n<meta property=\"og:type\" content=\"article\" \/>\n<meta property=\"og:title\" content=\"Contacto - El Txoquito de Tejer\" \/>\n<meta property=\"og:description\" content=\"Compartimos la pasi\u00f3n por el ganchillo y creamos nuestras propias prendas inspir\u00e1ndonos y aprendiendo de otras artesanas\" \/>\n<meta property=\"og:url\" content=\"https:\/\/www.eltxoquitodetejer.com\/index.php\/contacto\/\" \/>\n<meta property=\"og:site_name\" content=\"El Txoquito de Tejer\" \/>\n<meta property=\"article:modified_time\" content=\"2020-11-09T10:18:37+00:00\" \/>\n<meta property=\"og:image\" content=\"https:\/\/www.eltxoquitodetejer.com\/wp-content\/uploads\/2020\/09\/tejedoras-en-talleres.jpg\" \/>\n<meta name=\"twitter:card\" content=\"summary_large_image\" \/>\n<script type=\"application\/ld+json\" class=\"yoast-schema-graph\">{\"@context\":\"https:\/\/schema.org\",\"@graph\":[{\"@type\":\"Organization\",\"@id\":\"https:\/\/www.eltxoquitodetejer.com\/#organization\",\"name\":\"El Txoquito de Tejer\",\"url\":\"https:\/\/www.eltxoquitodetejer.com\/\",\"sameAs\":[\"https:\/\/www.instagram.com\/el.txoquito.de.tejer\/\"],\"logo\":{\"@type\":\"ImageObject\",\"@id\":\"https:\/\/www.eltxoquitodetejer.com\/#logo\",\"inLanguage\":\"es\",\"url\":\"https:\/\/www.eltxoquitodetejer.com\/wp-content\/uploads\/2020\/07\/Logo-aversino-transparente.jpg.png\",\"contentUrl\":\"https:\/\/www.eltxoquitodetejer.com\/wp-content\/uploads\/2020\/07\/Logo-aversino-transparente.jpg.png\",\"width\":1220,\"height\":1396,\"caption\":\"El Txoquito de Tejer\"},\"image\":{\"@id\":\"https:\/\/www.eltxoquitodetejer.com\/#logo\"}},{\"@type\":\"WebSite\",\"@id\":\"https:\/\/www.eltxoquitodetejer.com\/#website\",\"url\":\"https:\/\/www.eltxoquitodetejer.com\/\",\"name\":\"El Txoquito de Tejer\",\"description\":\"Compartimos la pasi\u00f3n por el ganchillo y todo lo que podamos hacer con nuestras manos y lanas, hilos y agujas\",\"publisher\":{\"@id\":\"https:\/\/www.eltxoquitodetejer.com\/#organization\"},\"potentialAction\":[{\"@type\":\"SearchAction\",\"target\":{\"@type\":\"EntryPoint\",\"urlTemplate\":\"https:\/\/www.eltxoquitodetejer.com\/?s={search_term_string}\"},\"query-input\":\"required name=search_term_string\"}],\"inLanguage\":\"es\"},{\"@type\":\"ImageObject\",\"@id\":\"https:\/\/www.eltxoquitodetejer.com\/index.php\/contacto\/#primaryimage\",\"inLanguage\":\"es\",\"url\":\"https:\/\/www.eltxoquitodetejer.com\/wp-content\/uploads\/2020\/09\/tejedoras-en-talleres.jpg\",\"contentUrl\":\"https:\/\/www.eltxoquitodetejer.com\/wp-content\/uploads\/2020\/09\/tejedoras-en-talleres.jpg\",\"width\":1519,\"height\":780},{\"@type\":\"WebPage\",\"@id\":\"https:\/\/www.eltxoquitodetejer.com\/index.php\/contacto\/#webpage\",\"url\":\"https:\/\/www.eltxoquitodetejer.com\/index.php\/contacto\/\",\"name\":\"Contacto - El Txoquito de Tejer\",\"isPartOf\":{\"@id\":\"https:\/\/www.eltxoquitodetejer.com\/#website\"},\"primaryImageOfPage\":{\"@id\":\"https:\/\/www.eltxoquitodetejer.com\/index.php\/contacto\/#primaryimage\"},\"datePublished\":\"2020-08-10T15:09:42+00:00\",\"dateModified\":\"2020-11-09T10:18:37+00:00\",\"description\":\"Compartimos la pasi\u00f3n por el ganchillo y creamos nuestras propias prendas inspir\u00e1ndonos y aprendiendo de otras artesanas\",\"breadcrumb\":{\"@id\":\"https:\/\/www.eltxoquitodetejer.com\/index.php\/contacto\/#breadcrumb\"},\"inLanguage\":\"es\",\"potentialAction\":[{\"@type\":\"ReadAction\",\"target\":[\"https:\/\/www.eltxoquitodetejer.com\/index.php\/contacto\/\"]}]},{\"@type\":\"BreadcrumbList\",\"@id\":\"https:\/\/www.eltxoquitodetejer.com\/index.php\/contacto\/#breadcrumb\",\"itemListElement\":[{\"@type\":\"ListItem\",\"position\":1,\"name\":\"Portada\",\"item\":\"https:\/\/www.eltxoquitodetejer.com\/\"},{\"@type\":\"ListItem\",\"position\":2,\"name\":\"Contacto\"}]}]}<\/script>\n<!-- \/ Yoast SEO plugin. -->","yoast_head_json":{"title":"Contacto - El Txoquito de Tejer","description":"Compartimos la pasi\u00f3n por el ganchillo y creamos nuestras propias prendas inspir\u00e1ndonos y aprendiendo de otras artesanas","robots":{"index":"index","follow":"follow","max-snippet":"max-snippet:-1","max-image-preview":"max-image-preview:large","max-video-preview":"max-video-preview:-1"},"canonical":"https:\/\/www.eltxoquitodetejer.com\/index.php\/contacto\/","og_locale":"es_ES","og_type":"article","og_title":"Contacto - El Txoquito de Tejer","og_description":"Compartimos la pasi\u00f3n por el ganchillo y creamos nuestras propias prendas inspir\u00e1ndonos y aprendiendo de otras artesanas","og_url":"https:\/\/www.eltxoquitodetejer.com\/index.php\/contacto\/","og_site_name":"El Txoquito de Tejer","article_modified_time":"2020-11-09T10:18:37+00:00","og_image":[{"url":"https:\/\/www.eltxoquitodetejer.com\/wp-content\/uploads\/2020\/09\/tejedoras-en-talleres.jpg"}],"twitter_card":"summary_large_image","schema":{"@context":"https:\/\/schema.org","@graph":[{"@type":"Organization","@id":"https:\/\/www.eltxoquitodetejer.com\/#organization","name":"El Txoquito de Tejer","url":"https:\/\/www.eltxoquitodetejer.com\/","sameAs":["https:\/\/www.instagram.com\/el.txoquito.de.tejer\/"],"logo":{"@type":"ImageObject","@id":"https:\/\/www.eltxoquitodetejer.com\/#logo","inLanguage":"es","url":"https:\/\/www.eltxoquitodetejer.com\/wp-content\/uploads\/2020\/07\/Logo-aversino-transparente.jpg.png","contentUrl":"https:\/\/www.eltxoquitodetejer.com\/wp-content\/uploads\/2020\/07\/Logo-aversino-transparente.jpg.png","width":1220,"height":1396,"caption":"El Txoquito de Tejer"},"image":{"@id":"https:\/\/www.eltxoquitodetejer.com\/#logo"}},{"@type":"WebSite","@id":"https:\/\/www.eltxoquitodetejer.com\/#website","url":"https:\/\/www.eltxoquitodetejer.com\/","name":"El Txoquito de Tejer","description":"Compartimos la pasi\u00f3n por el ganchillo y todo lo que podamos hacer con nuestras manos y lanas, hilos y agujas","publisher":{"@id":"https:\/\/www.eltxoquitodetejer.com\/#organization"},"potentialAction":[{"@type":"SearchAction","target":{"@type":"EntryPoint","urlTemplate":"https:\/\/www.eltxoquitodetejer.com\/?s={search_term_string}"},"query-input":"required name=search_term_string"}],"inLanguage":"es"},{"@type":"ImageObject","@id":"https:\/\/www.eltxoquitodetejer.com\/index.php\/contacto\/#primaryimage","inLanguage":"es","url":"https:\/\/www.eltxoquitodetejer.com\/wp-content\/uploads\/2020\/09\/tejedoras-en-talleres.jpg","contentUrl":"https:\/\/www.eltxoquitodetejer.com\/wp-content\/uploads\/2020\/09\/tejedoras-en-talleres.jpg","width":1519,"height":780},{"@type":"WebPage","@id":"https:\/\/www.eltxoquitodetejer.com\/index.php\/contacto\/#webpage","url":"https:\/\/www.eltxoquitodetejer.com\/index.php\/contacto\/","name":"Contacto - El Txoquito de Tejer","isPartOf":{"@id":"https:\/\/www.eltxoquitodetejer.com\/#website"},"primaryImageOfPage":{"@id":"https:\/\/www.eltxoquitodetejer.com\/index.php\/contacto\/#primaryimage"},"datePublished":"2020-08-10T15:09:42+00:00","dateModified":"2020-11-09T10:18:37+00:00","description":"Compartimos la pasi\u00f3n por el ganchillo y creamos nuestras propias prendas inspir\u00e1ndonos y aprendiendo de otras artesanas","breadcrumb":{"@id":"https:\/\/www.eltxoquitodetejer.com\/index.php\/contacto\/#breadcrumb"},"inLanguage":"es","potentialAction":[{"@type":"ReadAction","target":["https:\/\/www.eltxoquitodetejer.com\/index.php\/contacto\/"]}]},{"@type":"BreadcrumbList","@id":"https:\/\/www.eltxoquitodetejer.com\/index.php\/contacto\/#breadcrumb","itemListElement":[{"@type":"ListItem","position":1,"name":"Portada","item":"https:\/\/www.eltxoquitodetejer.com\/"},{"@type":"ListItem","position":2,"name":"Contacto"}]}]}},"_links":{"self":[{"href":"https:\/\/www.eltxoquitodetejer.com\/index.php\/wp-json\/wp\/v2\/pages\/246"}],"collection":[{"href":"https:\/\/www.eltxoquitodetejer.com\/index.php\/wp-json\/wp\/v2\/pages"}],"about":[{"href":"https:\/\/www.eltxoquitodetejer.com\/index.php\/wp-json\/wp\/v2\/types\/page"}],"author":[{"embeddable":true,"href":"https:\/\/www.eltxoquitodetejer.com\/index.php\/wp-json\/wp\/v2\/users\/1"}],"replies":[{"embeddable":true,"href":"https:\/\/www.eltxoquitodetejer.com\/index.php\/wp-json\/wp\/v2\/comments?post=246"}],"version-history":[{"count":16,"href":"https:\/\/www.eltxoquitodetejer.com\/index.php\/wp-json\/wp\/v2\/pages\/246\/revisions"}],"predecessor-version":[{"id":835,"href":"https:\/\/www.eltxoquitodetejer.com\/index.php\/wp-json\/wp\/v2\/pages\/246\/revisions\/835"}],"wp:attachment":[{"href":"https:\/\/www.eltxoquitodetejer.com\/index.php\/wp-json\/wp\/v2\/media?parent=246"}],"curies":[{"name":"wp","href":"https:\/\/api.w.org\/{rel}","templated":true}]}}